highest common divisor of 130 and 130?
130
What is the highest common divisor of 354 and 18?
6
Calculate the greatest common divisor of 705 and 16497.
141
What is the highest common divisor of 37 and 6401?
37
What is the greatest common factor of 160 and 976?
16
Calculate the greatest common factor of 800 and 300.
100
Calculate the greatest common divisor of 3252 and 24.
12
Calculate the greatest common divisor of 1958 and 2670.
178
Calculate the highest common factor of 1239 and 59.
59
What is the greatest common factor of 777 and 63?
21
Calculate the greatest common divisor of 648 and 9558.
162
Calculate the highest common factor of 220 and 20.
20
What is the highest common divisor of 72 and 376?
8
What is the greatest common factor of 1935 and 18?
9
What is the highest common divisor of 46 and 12627?
23
Calculate the highest common divisor of 252 and 162.
18
What is the greatest common factor of 135 and 80?
5
What is the greatest common factor of 55 and 715?
55
What is the greatest common factor of 10 and 50?
10
What is the greatest common divisor of 196 and 11221?
49
What is the highest common divisor of 36 and 21732?
12
Calculate the greatest common divisor of 15 and 1650.
15
What is the greatest common factor of 93 and 9?
3
Calculate the highest common divisor of 124 and 10664.
124
Calculate the highest common divisor of 2397 and 423.
141
Calculate the highest common divisor of 25 and 85.
5
Calculate the highest common factor of 45 and 20.
5
What is the greatest common factor of 517 and 47?
47
What is the highest common divisor of 194 and 291?
97
Calculate the greatest common divisor of 28981 and 73.
73
What is the greatest common divisor of 43 and 4429?
43
What is the greatest common divisor of 52 and 338?
26
What is the highest common divisor of 188 and 2726?
94
Calculate the highest common factor of 3140 and 471.
157
What is the greatest common divisor of 14 and 22155?
7
Calculate the greatest common divisor of 4 and 100.
4
What is the greatest common factor of 909 and 99?
9
What is the greatest common divisor of 559 and 39?
13
Calculate the highest common divisor of 10 and 410.
10
What is the greatest common divisor of 2240 and 64?
64
Calculate the highest common divisor of 455 and 65.
65
What is the highest common factor of 232 and 19256?
232
Calculate the greatest common divisor of 17753 and 41.
41
What is the greatest common factor of 11 and 77?
11
Calculate the highest common factor of 72 and 63.
9
Calculate the greatest common factor of 3160 and 1027.
79
Calculate the highest common factor of 17 and 85.
17
What is the greatest common factor of 51 and 15?
3
Calculate the highest common factor of 52 and 5772.
52
Calculate the highest common divisor of 513 and 228.
57
Calculate the highest common factor of 21 and 17913.
21
Calculate the highest common divisor of 70 and 28.
14
Calculate the highest common factor of 10547 and 199.
199
What is the highest common factor of 992 and 62?
62
Calculate the greatest common divisor of 1672 and 114.
38
What is the highest common factor of 160 and 128?
32
What is the highest common divisor of 252 and 1526?
14
What is the greatest common divisor of 600 and 13080?
120
What is the highest common divisor of 161 and 2047?
23
What is the greatest common factor of 13310 and 110?
110
What is the greatest common divisor of 1830 and 549?
183
Calculate the greatest common factor of 10 and 5.
5
What is the greatest common factor of 15 and 960?
15
Calculate the highest common factor of 28 and 1890.
14
Calculate the highest common divisor of 2373 and 21.
21
Calculate the greatest common factor of 55 and 110.
55
Calculate the greatest common factor of 84125 and 125.
125
What is the greatest common divisor of 5700 and 684?
228
Calculate the greatest common factor of 1965 and 15.
15
Calculate the highest common divisor of 1558 and 76.
38
Calculate the highest common factor of 59 and 4779.
59
What is the highest common divisor of 103 and 6901?
103
Calculate the highest common divisor of 61 and 4453.
61
Calculate the greatest common divisor of 15 and 9780.
15
What is the greatest common divisor of 14070 and 21?
21
Calculate the highest common factor of 2 and 4138.
2
What is the highest common divisor of 4 and 32?
4
What is the greatest common factor of 150 and 250?
50
Calculate the greatest common divisor of 23 and 1219.
23
What is the greatest common divisor of 20 and 1936?
4
Calculate the highest common divisor of 192 and 18.
6
Calculate the greatest common divisor of 3 and 99.
3
What is the highest common divisor of 295 and 1121?
59
What is the greatest common factor of 107 and 214?
107
What is the highest common factor of 572 and 308?
44
What is the highest common divisor of 35 and 385?
35
What is the greatest common divisor of 48 and 2136?
24
What is the greatest common divisor of 28 and 84?
28
Calculate the highest common divisor of 1369 and 37.
37
What is the greatest common divisor of 15 and 615?
15
What is the highest common factor of 18 and 29259?
9
Calculate the greatest common divisor of 21 and 24.
3
What is the highest common divisor of 4940 and 65?
65
What is the highest common divisor of 36 and 684?
36
What is the highest common factor of 171 and 27?
9
What is the greatest common divisor of 56 and 658?
14
What is the greatest common divisor of 41 and 656?
41
What is the highest common divisor of 182 and 28?
14
What is the greatest common factor of 48 and 1128?
24
Calculate the highest common factor of 72 and 56.
8
What is the highest common divisor of 22 and 10?
2
Calculate the greatest common factor of 48 and 13264.
16
What is the greatest common factor of 385 and 119?
7
Calculate the greatest common divisor of 39 and 780.
39
What is the greatest common factor of 2882 and 44?
22
What is the highest common divisor of 110 and 30?
10
Calculate the highest common factor of 5 and 235.
5
Calculate the greatest common factor of 6 and 1149.
3
Calculate the greatest common divisor of 27198 and 54.
18
What is the highest common divisor of 196 and 5341?
49
What is the greatest common factor of 391 and 23?
23
What is the greatest common divisor of 12 and 4911?
3
What is the highest common factor of 66 and 220?
22
What is the highest common factor of 142 and 4?
2
Calculate the greatest common divisor of 65 and 115.
5
What is the highest common divisor of 97 and 2328?
97
What is the highest common factor of 112 and 432?
16
What is the highest common factor of 46 and 391?
23
What is the greatest common divisor of 138 and 13386?
138
Calculate the greatest common divisor of 2150 and 688.
86
Calculate the greatest common factor of 777 and 84.
21
Calculate the greatest common divisor of 7751 and 46.
23
Calculate the highest common divisor of 3430 and 35.
35
What is the greatest common factor of 122 and 671?
61
Calculate the greatest common divisor of 7 and 267.
1
What is the highest common divisor of 126 and 48?
6
What is the highest common factor of 549 and 1159?
61
Calculate the highest common factor of 121 and 220.
11
What is the greatest common divisor of 195 and 3915?
15
Calculate the greatest common divisor of 11 and 22.
11
Calculate the greatest common divisor of 50 and 325.
25
Calculate the highest common divisor of 28557 and 342.
171
What is the greatest common divisor of 54 and 7794?
18
What is the highest common divisor of 10 and 5170?
10
What is the highest common divisor of 141 and 6909?
141
Calculate the highest common divisor of 106 and 159.
53
Calculate the greatest common factor of 234 and 26.
26
Calculate the highest common factor of 40 and 56.
8
What is the highest common divisor of 345 and 90?
15
What is the highest common factor of 26 and 832?
26
Calculate the greatest common factor of 54 and 10.
2
What is the greatest common factor of 910 and 280?
70
Calculate the greatest common divisor of 704 and 286.
22
What is the greatest common factor of 133 and 3401?
19
What is the highest common factor of 4 and 536?
4
What is the highest common divisor of 4394 and 26?
26
Calculate the highest common divisor of 10470 and 60.
30
Calculate the highest common divisor of 5324 and 352.
44
What is the highest common factor of 430 and 80?
10
What is the greatest common factor of 1 and 19?
1
Calculate the h